{"id":964,"date":"2021-05-10T15:15:11","date_gmt":"2021-05-10T13:15:11","guid":{"rendered":"http:\/\/o-m-m.org\/?page_id=964"},"modified":"2023-05-24T16:50:38","modified_gmt":"2023-05-24T14:50:38","slug":"credits","status":"publish","type":"page","link":"https:\/\/o-m-m.org\/index.php\/credits\/","title":{"rendered":"Cr\u00e9dits"},"content":{"rendered":"<h4>Observatoire de la Migration de Mineurs \u2013 OMM<\/h4>\n<p><strong>Un projet du laboratoire MIGRINTER- CNRS- Universit\u00e9 de Poitiers<\/strong><\/p>\n<ul>\n<li>Coordination\u00a0: <em>Daniel Senovilla Hern\u00e1ndez<\/em><\/li>\n<li>Collaborateurs- collaboratrices\u00a0: <em>Corentin Bailleul,<\/em> <em>Louis Fernier, Chabier Gimeno Monterde, Jose David Gutierrez S\u00e1nchez, Cl\u00e9o Marmi\u00e9, Oc\u00e9ane Uzureau\u00a0<\/em><\/li>\n<li>Dessin de couverture\u00a0: <em>Cl\u00e9o Marmi\u00e9, librement inspir\u00e9 d\u2019une photographie de Louis Witter<\/em><\/li>\n<li>Design et r\u00e9alisation web : <em>Jeanne Richomme<\/em><\/li>\n<\/ul>\n","protected":false},"excerpt":{"rendered":"<p>Observatoire de la Migration de Mineurs \u2013 OMM Un projet du laboratoire MIGRINTER- CNRS- Universit\u00e9 de Poitiers Coordination\u00a0: Daniel Senovilla Hern\u00e1ndez Collaborateurs- collaboratrices\u00a0: Corentin Bailleul, Louis Fernier, Chabier Gimeno Monterde, Jose David Gutierrez S\u00e1nchez, Cl\u00e9o Marmi\u00e9, Oc\u00e9ane Uzureau\u00a0 Dessin de couverture\u00a0: Cl\u00e9o Marmi\u00e9, librement inspir\u00e9 d\u2019une photographie de Louis Witter &hellip;<\/p>\n","protected":false},"author":1,"featured_media":0,"parent":0,"menu_order":0,"comment_status":"closed","ping_status":"closed","template":"","meta":{"footnotes":""},"class_list":["post-964","page","type-page","status-publish","hentry"],"_links":{"self":[{"href":"https:\/\/o-m-m.org\/index.php\/wp-json\/wp\/v2\/pages\/964","targetHints":{"allow":["GET"]}}],"collection":[{"href":"https:\/\/o-m-m.org\/index.php\/wp-json\/wp\/v2\/pages"}],"about":[{"href":"https:\/\/o-m-m.org\/index.php\/wp-json\/wp\/v2\/types\/page"}],"author":[{"embeddable":true,"href":"https:\/\/o-m-m.org\/index.php\/wp-json\/wp\/v2\/users\/1"}],"replies":[{"embeddable":true,"href":"https:\/\/o-m-m.org\/index.php\/wp-json\/wp\/v2\/comments?post=964"}],"version-history":[{"count":13,"href":"https:\/\/o-m-m.org\/index.php\/wp-json\/wp\/v2\/pages\/964\/revisions"}],"predecessor-version":[{"id":1911,"href":"https:\/\/o-m-m.org\/index.php\/wp-json\/wp\/v2\/pages\/964\/revisions\/1911"}],"wp:attachment":[{"href":"https:\/\/o-m-m.org\/index.php\/wp-json\/wp\/v2\/media?parent=964"}],"curies":[{"name":"wp","href":"https:\/\/api.w.org\/{rel}","templated":true}]}}

Crédits

<h4>Observatoire de la Migration de Mineurs – OMM</h4>
<p><strong>Un projet du laboratoire MIGRINTER- CNRS- Université de Poitiers</strong></p>
<ul>
<li>Coordination : <em>Daniel Senovilla Hernández</em></li>
<li>Collaborateurs- collaboratrices : <em>Corentin Bailleul,</em> <em>Louis Fernier, Chabier Gimeno Monterde, Jose David Gutierrez Sánchez, Cléo Marmié, Océane Uzureau </em></li>
<li>Dessin de couverture : <em>Cléo Marmié, librement inspiré d’une photographie de Louis Witter</em></li>
<li>Design et réalisation web : <em>Jeanne Richomme</em></li>
</ul>

<p>Observatoire de la Migration de Mineurs – OMM Un projet du laboratoire MIGRINTER- CNRS- Université de Poitiers Coordination : Daniel Senovilla Hernández Collaborateurs- collaboratrices : Corentin Bailleul, Louis Fernier, Chabier Gimeno Monterde, Jose David Gutierrez Sánchez, Cléo Marmié, Océane Uzureau  Dessin de couverture : Cléo Marmié, librement inspiré d’une photographie de Louis Witter &hellip;</p>
